- 4*p - 1898 = -g*t, -4*p = 2*t - 1930. List the prime factors of t.
3, 11, 29
Let o(u) = u**2 + 5*u - 3. Let k be o(3). List the prime factors of 2/k + (-31110)/(-126).
13, 19
Suppose 217534 + 219945 = 50*p - 343271. What are the prime factors of p?
3, 5, 347
Let v(q) = 3*q**2 - 145*q + 14. List the prime factors of v(81).
2, 7, 71
Let a = 3377 - -2438. List the prime factors of a.
5, 1163
Let u(g) = -56*g. Let a be (-3)/(-4)*(3 - (55 + -4)). Let v = a - -34. List the prime factors of u(v).
2, 7
Suppose 0 = -0*n - 5*n + 3*a + 14, 3*n = 2*a + 8. Suppose -22 = -n*i - 2. Suppose y - 3*v - 123 = 0, i*y - y = -5*v + 441. List the prime factors of y.
2, 3, 19
Let x(o) = -5039*o + 82. What are the prime factors of x(-8)?
2, 19, 1063
Suppose -q = -17*m + 13*m + 60151, -4*m + 4*q + 60148 = 0. What are the prime factors of m?
2, 73, 103
Suppose 1468*j = 1473*j - 105020. What are the prime factors of j?
2, 59, 89
Let h = 29448 + -6498. Suppose 72*z = 55*z + h. List the prime factors of z.
2, 3, 5
Suppose 0 = 158*o + 6*o - 7668640. What are the prime factors of o?
2, 5, 7, 167
Let d(p) be the third derivative of -p**6/120 + 23*p**5/60 - 5*p**4/8 - 13*p**3/3 - p**2 - 16. List the prime factors of d(22).
2
Suppose -4*z + 4*g + 31180 = 0, -z - g + 7803 = -0*z. List the prime factors of z.
11, 709
Let n(d) = -5*d**2 + 2*d - 15 + d**3 - 6*d**3 + 6*d**3 + 23. What are the prime factors of n(6)?
2, 7
List the prime factors of 17 + 4 + (-584950)/(-10).
2, 14629
Let a(w) = -337*w - 111. Let x be a(4). Let c = x + 2433. List the prime factors of c.
2, 487
Suppose 4*w + 10127 = s, 3*s - 6*w - 30381 = -8*w. What are the prime factors of s?
13, 19, 41
Let w(c) = 111*c**2 - 6*c - 179. List the prime factors of w(8).
13, 23
Let y(t) = -t**3 + 12*t**2 + 17*t - 1. Suppose 47 = 2*g + 133. Let i = -30 - g. List the prime factors of y(i).
3, 17
Let l(b) = 3*b**2 - 21*b + 9. Let d be l(12). List the prime factors of -259*9/(d/(-30)).
2, 5, 37
Let b = 521 + -122. Suppose 0 = 2*x - b - 117. List the prime factors of x.
2, 3, 43
Let i(q) = q**3 + 18*q**2 + 17*q + 2. Let m be i(-17). Suppose t - 57 = -m*d - 3*d, 0 = 3*d + 9. What are the prime factors of t?
2, 3
Suppose -124*p + 122*p = -25682. What are the prime factors of p?
12841
Let r(d) = -11*d + 142. Let s be (-6)/(-9) + 220/(-6)*1. What are the prime factors of r(s)?
2, 269
Let t = -15842 + 26283. What are the prime factors of t?
53, 197
Suppose -106 = f + 389. Let o = 249 - f. List the prime factors of o.
2, 3, 31
Suppose 6*g + 5*h - 48 = 3*g, 5*g = -4*h + 80. List the prime factors of -8*(-12)/g + 86.
2, 23
What are the prime factors of 5078 + (4/(-2))/((-4)/(-3 - 5))?
2, 43, 59
Let t = -336 - -234. Let c = t - -418. What are the prime factors of c?
2, 79
Suppose 3*t = 789 + 2892. Suppose 3*f + 4*g = -0*f + t, 1227 = 3*f + 2*g. Suppose -5*v + f = 29. What are the prime factors of v?
2, 19
Let j be (-48)/312 + (-1237)/(-13). Suppose 102*d - j*d - 4109 = 0. List the prime factors of d.
587
Suppose -3*i = -y + 10603, -40*y + 38*y = -5*i - 21201. What are the prime factors of y?
2, 2647
Let j(f) = -2*f + 39. Let h be j(17). Suppose h*q + 5*z = 4890, -q + 968 = -0*q - z. List the prime factors of q.
7, 139
Suppose -256 = 3*k - 814. Let a be -7 + ((-16)/4)/4. What are the prime factors of k/(60/70*(-14)/a)?
2, 31
Suppose -9*b + 5*b = 8, -3*p + b = 19. What are the prime factors of ((-262)/p)/(3/63*3)?
2, 131
Let g(z) = 24*z**3 + 5*z**2 - 11*z + 23. List the prime factors of g(8).
3, 37, 113
Suppose -32*n + 30681 = 2158 + 3307. What are the prime factors of n?
2, 197
Let s be 3 - (8 - 3) - (-432)/(-2). Let l = s - -416. What are the prime factors of l?
2, 3, 11
Let a = 4200 + -6424. List the prime factors of a/(-56)*(-14)/(-2).
2, 139
Let o be 4*(5 - -1) - (184 - 178). Let c(i) = 3 - 2 - 19*i**2 - 22 + 20*i + i**3. List the prime factors of c(o).
3, 5
List the prime factors of 6*((-19446)/(-12) + 9).
3, 3259
Suppose -24525 = -1287*j + 1286*j - 3*v, 73547 = 3*j + 5*v. List the prime factors of j.
2, 3, 1021
Let s(l) = -14*l - 93. Let z be s(-7). Suppose 0 = z*u + 2*q - 1812, 4*q = 9 - 5. What are the prime factors of u?
2, 181
List the prime factors of 2 + 18/(-4) - (-3532291)/106.
3, 29, 383
Let i(h) be the second derivative of -13*h**3/3 + 283*h**2/2 - 270*h. What are the prime factors of i(4)?
179
What are the prime factors of (-13 - -14)*12 + 31700?
2, 991
Let x(v) = -3 - 4 + 29*v**2 + 173*v**2 + 4 + 4. List the prime factors of x(-2).
809
Let k(y) = y**2 + 11*y - 89. Let n be k(-29). Let o = -89 + n. List the prime factors of o.
2, 43
Let y = 172216 + -113480. List the prime factors of y.
2, 3671
Let t(u) be the third derivative of 17*u**5/60 - 7*u**4/6 + 5*u**3/3 - 2*u**2 + 41. What are the prime factors of t(5)?
5, 59
Let y(f) = -f**2 + 6*f + 56. Let u = -1 + 1. List the prime factors of y(u).
2, 7
Suppose 6 = -3*o + 3. List the prime factors of 351 - (-1 - 0*o/(-3)).
2, 11
Suppose -3*v + 16719 = 3*w, -416*v + 5*w = -414*v - 11202. List the prime factors of v.
5581
Let s(x) = -4*x + 14. Let r be s(-2). Let q(c) = 5*c**2 - 54*c - 29. List the prime factors of q(r).
3, 401
Let b = -32 - -37. Suppose 4*d - 244 = -2*t, t + 0*t + b*d - 125 = 0. Suppose l - 1 = 0, 2*i - 3*i = -2*l - t. List the prime factors of i.
2, 61
What are the prime factors of 448/21*(-3 + 4)*141?
2, 47
Let g be 23 + (1 - 1 - 3). Suppose -21*y + 181 = -g*y. List the prime factors of y.
181
Suppose -4*f - 6*p + 8*p = 30, -3*p + 37 = -5*f. List the prime factors of (-2635)/(-6) + f/(-2 + 50).
439
Suppose -3*b - 2*g = 0, -2*b + 2*g = -3*b. What are the prime factors of (-75)/25*(b - 452/6)?
2, 113
Let u(w) = -w**2 + 8*w + 48. Let i be u(12). Suppose i = 3*v + 253 + 83. What are the prime factors of (v/(-6))/((-4)/(-18))?
2, 3, 7
Suppose g + 18 = -4*m, -3*g - 4*m - 108 = g. Suppose 16*z - 1489 + 14289 = 0. What are the prime factors of (g/(-25))/((-15)/z)?
2
Let p = -8065 - -19309. List the prime factors of p.
2, 3, 937
Let t = 134952 + -75057. What are the prime factors of t?
3, 5, 11
Let a(n) = -66*n**3 + 2*n**2 + 42*n + 246. What are the prime factors of a(-6)?
2, 3, 7, 11, 31
Suppose -2*i - 123 = -19. Let o(w) = -27*w - 104. Let y be o(-8). Let x = y + i. What are the prime factors of x?
2, 3, 5
Suppose 5*w - 207 = 8. Suppose 5*x = 4*p - w, -11 - 9 = 2*x - 3*p. List the prime factors of -2*2 + (9 - x).
2, 3
Let u be 6/(-5) + (-966)/(-230). Suppose 907 - 2656 = -u*j. What are the prime factors of j?
11, 53
What are the prime factors of 11/(-11)*54435/(-15)?
19, 191
Suppose -4*y = -4*r - 33740, -11636 + 3215 = -y + 3*r. List the prime factors of y.
2, 3, 7, 67
Suppose 0 = -p + 2*r + 15, p - 10 = 5*r + 2. Let h(y) be the first derivative of 5*y**2/2 - 11*y - 50. What are the prime factors of h(p)?
2, 37
Let z = -67697 + 96895. What are the prime factors of z?
2, 13, 1123
Suppose 202*w + 90*w - 89*w = 11900469. What are the prime factors of w?
3, 19541
Suppose -i = 5, -5*r - 4 - 1 = -i. What are the prime factors of -159*5/2*r/3?
5, 53
Suppose -4*v = -2*w, 4*w + 24 = -2*w. What are the prime factors of (v - -7) + -5 - -41?
41
Let a(c) be the first derivative of -7*c**2/2 - 18*c + 9. Let w be a(-9). Let b = w + -24. List the prime factors of b.
3, 7
Suppose -156*h - 1201308 = -2560654 - 7472282. List the prime factors of h.
3, 113, 167
Suppose -4*f = v - 1759, 0 = -0*f + f - 5*v - 466. Let p = f + -283. List the prime factors of p.
2, 79
Suppose -43 = -4*p + 5*h, -2*h + 4 = p - h. Let g(t) = t - 7. Let j be g(p). Suppose j = -a + m + 4*m + 69, -2*a = 5*m - 153. List the prime factors of a.
2, 37
Suppose 299 = 5*q - 51. What are the prime factors of -5*(-4 - 7/(q/2146))?
1093
Let u(a) = -a**3 - 2*a**2 - 3*a - 3. Let b be u(-3). Suppose -2*k + b = 3. List the prime factors of (-2)/6 - (-992)/k.
3, 5, 11
Suppose -10033 = -4*s + 3*z, s + 5*z - 4*z - 2503 = 0. Suppose 8*x - s = x. List the prime factors of x.
2, 179
Let v(n) = n - 3. Let i be v(8). Suppose -2*s - r = -7, 0*s = -s - 2*r + 5. Suppose 2*l + s*a = 133 + 37, 3*l + i*a - 256 = 0. List the prime factors of l.
2, 41
What are the prime factors of (1/3)/((-32)/(-96)) - 17*-742?
3, 5, 29
Let m be (-196)/56*10*-1. Suppose -m*h + 15*h = -1280. List the prime factors of h.
2
Let h(t) = 39*t**2 - 37*t - 662